{"id":88,"date":"2018-03-29T01:02:24","date_gmt":"2018-03-28T22:02:24","guid":{"rendered":"http:\/\/amlr.ro\/?page_id=88"},"modified":"2019-05-28T13:39:37","modified_gmt":"2019-05-28T10:39:37","slug":"deveniti-membri","status":"publish","type":"page","link":"https:\/\/amlr.ro\/?page_id=88","title":{"rendered":"Deveni\u021bi membri"},"content":{"rendered":"<div class=\"maincontent\">\n<div class=\"maincontent_large\">\n<div class=\"content_item\">\n<h2 style=\"text-align: justify;\">Beneficii<\/h2>\n<ul style=\"text-align: justify;\">\n<li style=\"text-align: justify;\">Taxele de \u00eenregistrare la Conferin\u0163ele cu Participare Interna\u0163ional\u0103 organizate de AMLR sunt considerabil mai mici dec\u00e2t cele pentru non-membri. Reducerea aplicat\u0103 taxelor de participare la conferin\u0163ele AMLR pentru membrii AMLR dep\u0103\u015fe\u015fte cotiza\u0163ia anual\u0103 de membru.<\/li>\n<li style=\"text-align: justify;\">Informa\u0163ii despre Conferin\u0163ele cu Participare Interna\u0163ional\u0103 organizate anual de c\u0103tre AMLR<\/li>\n<li style=\"text-align: justify;\">Multiple oportunit\u0103\u0163i de a aplica pentru granturi educa\u0163ionale oferite de c\u0103tre AMLR. Pentru a fi la curent cu premiile \u015fi granturile AMLR, v\u0103 rug\u0103m s\u0103 vizita\u0163i periodic site-ul AMLR.<\/li>\n<\/ul>\n<p class=\"highlight\" style=\"text-align: justify;\">Cotiza\u0163ia anual\u0103 de membru AMLR este 100 RON, iar pentru reziden\u0163i este 50 RON.<\/p>\n<\/div>\n<div class=\"content_item\">\n<h2 style=\"text-align: justify;\">Cum devin membru?<\/h2>\n<p style=\"text-align: justify;\">Pentru a deveni membru AMLR, achita\u0163i cotiza\u0163ia anual\u0103 de membru \u00een contul <strong>Asocia\u0163iei de Medicin\u0103 de Laborator din Rom\u00e2nia,<\/strong> deschis la BRD Dristor: IBAN RO26BRDE441SV44417364410<\/p>\n<p style=\"text-align: justify;\">Comunicati apoi trezorierului (d-na Ariadna R\u0103dulescu) la telefon 0744 698 625 pentru datele personale:<\/p>\n<ul style=\"text-align: justify;\">\n<li>Numele \u015fi prenumele<\/li>\n<li>Profesia<\/li>\n<li>Data \u015fi locul na\u015fterii<\/li>\n<li>Domiciliul<\/li>\n<li>Adresa de serviciu, e-mail, telefon<\/li>\n<\/ul>\n<p style=\"text-align: justify;\">Cotiza\u021bia anuala se men\u021bine pentru membri de 100 lei si pentru reziden\u021bi la 50 lei.<br \/>\nMembrii AMLR pot achita cotiza\u021bia anuala \u00een contul deschis la BRD cu codul IBAN RO26BRDE441SV44417364410. La rubrica detalii opera\u021biune se va \u00a0specifica &#8220;cotiza\u021bie&#8221; \u0219i anul pentru care se achita.<\/p>\n<p style=\"text-align: justify;\">Membrii care \u00ee\u0219i schimb\u0103 num\u0103rul de telefon, adresa de mail sau locul de munc\u0103 sunt ruga\u021bi s\u0103 comunice acest lucru la telefonul 0744 698 625.<\/p>\n<p class=\"highlight\" style=\"text-align: justify;\">Membrii AMLR care doresc s\u0103 beneficieze de taxa redus\u0103 la conferin\u0163ele organizate anual de AMLR, vor trebui s\u0103 achite cotiza\u0163ia anual\u0103 de membru \u00eenainte de conferin\u0163\u0103.<\/p>\n<\/div>\n<div class=\"content_item\">\n<h2>Membri de onoare<\/h2>\n<p>Prof. Univ. Dr. Dan Coli\u0163\u0103<br \/>\nProf. Univ. Dr. Marian Negu\u0163<br \/>\nProf. Univ. Dr. Mircea Cucuianu<br \/>\nProf. Univ. Dr. Eugen Carasevici<br \/>\nProf. Victor Blaton (Belgia)<br \/>\nTreffor Higgins (Canada)<br \/>\nAss. Prof. Manuela Neuman (Canada)<br \/>\nProf. L\u00e1szl\u00f3 Muszbeck (Ungaria)<br \/>\nChim. dr. Ileana Funduc<\/p>\n<\/div>\n<\/div>\n<\/div>\n","protected":false},"excerpt":{"rendered":"<p>Beneficii Taxele de \u00eenregistrare la Conferin\u0163ele cu Participare Interna\u0163ional\u0103 organizate de AMLR sunt considerabil mai mici dec\u00e2t cele pentru non-membri.<\/p>\n","protected":false},"author":1,"featured_media":0,"parent":37,"menu_order":0,"comment_status":"closed","ping_status":"closed","template":"","meta":{"colormag_page_container_layout":"default_layout","colormag_page_sidebar_layout":"default_layout","footnotes":""},"class_list":["post-88","page","type-page","status-publish","hentry"],"_links":{"self":[{"href":"https:\/\/amlr.ro\/index.php?rest_route=\/wp\/v2\/pages\/88","targetHints":{"allow":["GET"]}}],"collection":[{"href":"https:\/\/amlr.ro\/index.php?rest_route=\/wp\/v2\/pages"}],"about":[{"href":"https:\/\/amlr.ro\/index.php?rest_route=\/wp\/v2\/types\/page"}],"author":[{"embeddable":true,"href":"https:\/\/amlr.ro\/index.php?rest_route=\/wp\/v2\/users\/1"}],"replies":[{"embeddable":true,"href":"https:\/\/amlr.ro\/index.php?rest_route=%2Fwp%2Fv2%2Fcomments&post=88"}],"version-history":[{"count":5,"href":"https:\/\/amlr.ro\/index.php?rest_route=\/wp\/v2\/pages\/88\/revisions"}],"predecessor-version":[{"id":581,"href":"https:\/\/amlr.ro\/index.php?rest_route=\/wp\/v2\/pages\/88\/revisions\/581"}],"up":[{"embeddable":true,"href":"https:\/\/amlr.ro\/index.php?rest_route=\/wp\/v2\/pages\/37"}],"wp:attachment":[{"href":"https:\/\/amlr.ro\/index.php?rest_route=%2Fwp%2Fv2%2Fmedia&parent=88"}],"curies":[{"name":"wp","href":"https:\/\/api.w.org\/{rel}","templated":true}]}}