{"id":32,"date":"2018-03-28T09:57:15","date_gmt":"2018-03-28T06:57:15","guid":{"rendered":"http:\/\/amlr.ro\/?page_id=32"},"modified":"2023-11-10T11:53:51","modified_gmt":"2023-11-10T08:53:51","slug":"statur-amlr","status":"publish","type":"page","link":"https:\/\/amlr.ro\/?page_id=32","title":{"rendered":"Statutul AMLR"},"content":{"rendered":"<div class=\"maincontent\">\n<div class=\"maincontent_large\">\n<p>\u00cen urma alegerilor Adun\u0103rii Generale a AMLR desf\u0103\u015furate cu ocazia Conferin\u021bei Asocia\u021biei de Medicin\u0103 de Laborator din Rom\u00e2nia cu Participare Interna\u0163ional\u0103, Timisoara, 14-16 iunie 2023, noua structur\u0103 a Consiliului Director al AMLR este urm\u0103toarea:<\/p>\n<p class=\"plist\"><strong>Pre\u015fedinte anterior<\/strong><br \/>\nDr. Cristina Mambet<\/p>\n<p><strong>Pre\u015fedinte<br \/>\n<\/strong>Dr. Daniela Jitaru<\/p>\n<p><strong>Vicepre\u015fedinte\u00a0<\/strong><br \/>\nProf. Dr. Minodora Dobreanu<\/p>\n<p><strong>Vicepre\u0219edinte<\/strong><br \/>\nProf. univ. dr. Ileana Constantinescu<\/p>\n<p><b>Membru<\/b><br \/>\nProf. univ. dr. Adrian Man<\/p>\n<p class=\"plist\"><b>Sectretar<\/b><br \/>\nDr. Elena \u2013 Cristina Selicean<\/p>\n<p><strong>Trezorier<\/strong><br \/>\nBiol. R\u0103dulescu Ariadna<\/p>\n<hr \/>\n<p><a href=\"https:\/\/amlr.ro\/wp-content\/uploads\/2020\/01\/AMLR-statut-2019.pdf\">Desc\u0103rcare statut AMLR<\/a><\/p>\n<p><a href=\"https:\/\/amlr.ro\/wp-content\/uploads\/2020\/01\/ALMR-Regulament-2019.pdf\">Desc\u0103rcare regulament ALMR<\/a><\/p>\n<\/div>\n<\/div>\n","protected":false},"excerpt":{"rendered":"<p>\u00cen urma alegerilor Adun\u0103rii Generale a AMLR desf\u0103\u015furate cu ocazia Conferin\u021bei Asocia\u021biei de Medicin\u0103 de Laborator din Rom\u00e2nia cu Participare<\/p>\n","protected":false},"author":1,"featured_media":0,"parent":37,"menu_order":0,"comment_status":"closed","ping_status":"closed","template":"","meta":{"colormag_page_container_layout":"default_layout","colormag_page_sidebar_layout":"default_layout","footnotes":""},"class_list":["post-32","page","type-page","status-publish","hentry"],"_links":{"self":[{"href":"https:\/\/amlr.ro\/index.php?rest_route=\/wp\/v2\/pages\/32","targetHints":{"allow":["GET"]}}],"collection":[{"href":"https:\/\/amlr.ro\/index.php?rest_route=\/wp\/v2\/pages"}],"about":[{"href":"https:\/\/amlr.ro\/index.php?rest_route=\/wp\/v2\/types\/page"}],"author":[{"embeddable":true,"href":"https:\/\/amlr.ro\/index.php?rest_route=\/wp\/v2\/users\/1"}],"replies":[{"embeddable":true,"href":"https:\/\/amlr.ro\/index.php?rest_route=%2Fwp%2Fv2%2Fcomments&post=32"}],"version-history":[{"count":14,"href":"https:\/\/amlr.ro\/index.php?rest_route=\/wp\/v2\/pages\/32\/revisions"}],"predecessor-version":[{"id":1187,"href":"https:\/\/amlr.ro\/index.php?rest_route=\/wp\/v2\/pages\/32\/revisions\/1187"}],"up":[{"embeddable":true,"href":"https:\/\/amlr.ro\/index.php?rest_route=\/wp\/v2\/pages\/37"}],"wp:attachment":[{"href":"https:\/\/amlr.ro\/index.php?rest_route=%2Fwp%2Fv2%2Fmedia&parent=32"}],"curies":[{"name":"wp","href":"https:\/\/api.w.org\/{rel}","templated":true}]}}